{"id":1828,"date":"2025-08-04T22:39:10","date_gmt":"2025-08-05T02:39:10","guid":{"rendered":"https:\/\/easyum.com\/fr\/?page_id=1828"},"modified":"2025-10-16T17:13:06","modified_gmt":"2025-10-16T21:13:06","slug":"micro-credential-safe-bo-proprietaire-metier-affaires","status":"publish","type":"page","link":"https:\/\/easyum.com\/fr\/formation\/micro-credential-safe-bo-proprietaire-metier-affaires\/","title":{"rendered":"Micro-credential SAFe\u00ae BO (Propri\u00e9taire M\u00e9tier \/ Affaires)"},"content":{"rendered":"\n<h1 class=\"wp-block-heading has-large-font-size\">Micro-credential SAFe\u00ae BO (Propri\u00e9taire M\u00e9tier \/ Affaires)<\/h1>\n\n\n\n<p class=\"has-medium-font-size\">Cet atelier de d\u00e9veloppement professionnel pour gestionnaires, anim\u00e9 par un facilitateur senior certifi\u00e9 SAFe\u00ae SPC, est un moyen interactif d&rsquo;aider les <em>Business Owners<\/em> (Propri\u00e9taires M\u00e9tier \/ Affaires), les dirigeants, nouveaux ou existants, \u00e0 mieux comprendre leur r\u00f4le dans le contexte d&rsquo;agilit\u00e9 \u00e0 l&rsquo;\u00e9chelle.<\/p>\n\n\n\n<h2 class=\"wp-block-heading has-medium-font-size\">Pourquoi cette formation est si importante ?<\/h2>\n\n\n\n<ul class=\"wp-block-list\">\n<li class=\"has-medium-font-size\"><em>Am\u00e9liorer la livraison de produits et solutions<\/em> : Un BO pleinement engag\u00e9 apporte une vision claire, une prise de d\u00e9cision plus rapide, et un alignement strat\u00e9gique in\u00e9branlable \u00e0 chaque train de livraison.<\/li>\n\n\n\n<li class=\"has-medium-font-size\"><em>Augmenter le retour sur investissement<\/em> : Comprenez comment vous concentrer sur les travaux d&rsquo;une plus grande valeur, appliquer les principes d&rsquo;un portefeuille Lean <em>LPM<\/em>, et r\u00e9duire les inefficacit\u00e9s.<\/li>\n\n\n\n<li class=\"has-medium-font-size\"><em>Am\u00e9liorer la collaboration<\/em> : Apprenez \u00e0 aligner les \u00e9quipes, les parties prenantes et les portefeuilles autour d&rsquo;objectifs concrets et partag\u00e9s.<\/li>\n\n\n\n<li class=\"has-medium-font-size\"><em>Soutenir le momentum<\/em> <em>des changements<\/em> : D\u00e9veloppez un environnement o\u00f9 l&rsquo;am\u00e9lioration continue et la pens\u00e9e innovante font partie de l&rsquo;ADN de votre organisation.<\/li>\n<\/ul>\n\n\n\n<blockquote class=\"wp-block-quote is-layout-flow wp-block-quote-is-layout-flow\">\n<div class=\"wp-block-cover is-repeated has-custom-content-position is-position-bottom-left has-small-font-size wp-duotone-unset-1\"><div class=\"wp-block-cover__image-background wp-image-1434 size-full is-repeated\" style=\"background-position:49% 21%;background-image:url(https:\/\/easyum.com\/fr\/wp-content\/uploads\/2025\/04\/image-architecte.jpg)\"><\/div><span aria-hidden=\"true\" class=\"wp-block-cover__background has-background-dim\" style=\"background-color:#74726d\"><\/span><div class=\"wp-block-cover__inner-container is-layout-constrained wp-block-cover-is-layout-constrained\">\n<p class=\"has-text-align-center has-medium-font-size\">L&rsquo;int\u00e9r\u00eat principal de cet atelier r\u00e9side dans les conversations en lien avec notre quotidien, dans le fait de nous permettre de comprendre comment nous am\u00e9liorer, et quelle l\u00e9gitimit\u00e9 nous pouvons avoir pour nos responsabilit\u00e9s.<\/p>\n<\/div><\/div>\n<\/blockquote>\n\n\n\n<div class=\"wp-block-buttons is-layout-flex wp-block-buttons-is-layout-flex\">\n<div class=\"wp-block-button is-style-fill\"><a class=\"wp-block-button__link has-background wp-element-button\" href=\"https:\/\/easyum.com\/fr\/contact\/\" style=\"background-color:#669933\">S&rsquo;en parler !<\/a><\/div>\n<\/div>\n\n\n\n<div style=\"height:16px\" aria-hidden=\"true\" class=\"wp-block-spacer\"><\/div>\n\n\n\n<div style=\"height:16px\" aria-hidden=\"true\" class=\"wp-block-spacer\"><\/div>\n\n\n\n<div class=\"wp-block-columns is-layout-flex wp-container-core-columns-is-layout-9d6595d7 wp-block-columns-is-layout-flex\">\n<div class=\"wp-block-column is-layout-flow wp-block-column-is-layout-flow\">\n<p class=\"has-small-font-size\"><strong>Les participants \u00e0 l&rsquo;atelier Micro-credential SAFe\u00ae BO gagnent avec cette formation :<\/strong><\/p>\n\n\n\n<div class=\"wp-block-group is-vertical is-layout-flex wp-container-core-group-is-layout-8cf370e7 wp-block-group-is-layout-flex\">\n<ul class=\"wp-block-list has-small-font-size\">\n<li>La connaissance des cinq zones de responsabilit\u00e9 des BO : l&rsquo;engagement dans la gestion de portefeuille Lean (LPM), l&rsquo;alignement de priorit\u00e9s et du PI Planning, la r\u00e9alisation des r\u00e9sultats m\u00e9tier, le parrainage de l&rsquo;am\u00e9lioration continue, et le pilotage par l&rsquo;exemple. <\/li>\n\n\n\n<li>Un apprentissage orient\u00e9 sur l&rsquo;action: chaque participant construit son plan d&rsquo;action pour s&rsquo;am\u00e9liorer et attaquer ses challenges.<\/li>\n\n\n\n<li>La possibilit\u00e9 de se concentrer pendant de courtes p\u00e9riodes d&rsquo;atelier.<\/li>\n<\/ul>\n<\/div>\n<\/div>\n\n\n\n<div class=\"wp-block-column is-layout-flow wp-block-column-is-layout-flow\" style=\"flex-basis:60px\"><div class=\"wp-block-image\">\n<figure class=\"aligncenter size-large is-resized\"><img decoding=\"async\" src=\"https:\/\/easyum.com\/fr\/wp-content\/uploads\/2023\/01\/Separateur-vertical.png\" alt=\"\" style=\"width:30px;height:239px\"\/><\/figure>\n<\/div><\/div>\n\n\n\n<div class=\"wp-block-column is-layout-flow wp-block-column-is-layout-flow\">\n<p class=\"has-text-align-left has-small-font-size\"><strong>Qui devrait s&rsquo;inscrire :<\/strong><\/p>\n\n\n\n<div class=\"wp-block-group is-vertical is-layout-flex wp-container-core-group-is-layout-8cf370e7 wp-block-group-is-layout-flex\">\n<div class=\"wp-block-group is-vertical is-layout-flex wp-container-core-group-is-layout-8cf370e7 wp-block-group-is-layout-flex\">\n<ul class=\"wp-block-list has-small-font-size\">\n<li>Dirigeants, directeurs et cadres sup\u00e9rieurs guidant les transformations SAFe\u00ae.<\/li>\n\n\n\n<li>BO actuels et potentiels \u00e0 tous les niveaux de l&rsquo;organisation.<\/li>\n\n\n\n<li>Dirigeants responsables de la strat\u00e9gie, du financement et de l&rsquo;alignement organisationnel.<\/li>\n\n\n\n<li>Il n&rsquo;y a pas de pr\u00e9-requis pour cet atelier, mais il est fortement recommand\u00e9 d&rsquo;avoir suivi au pr\u00e9alable une formation Leading SAFe ou Lean Portfolio Management.<\/li>\n<\/ul>\n<\/div>\n<\/div>\n<\/div>\n<\/div>\n\n\n        \n        <div class=\"embedpress-gutenberg-wrapper source-provider-Vidyard aligncenter clear   ep-content-protection-disabled inline\" id=\"299b5c90-2005-4859-9ce8-d2cadad079be\" data-embed-type=\"Vidyard \">\n            <div class=\"wp-block-embed__wrapper \">\n                <div id=\"ep-gutenberg-content-50b4a8c0f9d4db702d1c6af71f91a917\" class=\"ep-gutenberg-content\">\n                    <div >\n                        <div class=\"ep-embed-content-wraper preset-default insta-grid ep-google-photos-carousel\"\n                                                                                                                >\n\n                            <div class=\"ose-vidyard ose-uid-0d18664e70b145d906cfa42415cfbe52 ose-embedpress-responsive\" style=\"width:600px; height:300px; max-height:300px; max-width:100%; display:inline-block;\"><script type=\"text\/javascript\" async src=\"https:\/\/play.vidyard.com\/embed\/v4.js\"><\/script><img decoding=\"async\"  style=\"width: 100%; margin: auto; display: block;\"  class=\"vidyard-player-embed\"  src=\"https:\/\/play.vidyard.com\/KLTKaZux9MoWH7Nmk8h1n6.jpg\"  data-uuid=\"KLTKaZux9MoWH7Nmk8h1n6\"  data-v=\"4\"  data-type=\"inline\"  data-width=\"600\"  data-height=\"300\"\/><\/div>                        <\/div>\n\n                                            <\/div>\n                <\/div>\n            <\/div>\n        <\/div>\n    \n\n\n<div class=\"wp-block-columns is-layout-flex wp-container-core-columns-is-layout-9d6595d7 wp-block-columns-is-layout-flex\">\n<div class=\"wp-block-column has-medium-font-size is-layout-flow wp-block-column-is-layout-flow\">\n<p class=\"has-small-font-size\"><strong>Langue :<\/strong><\/p>\n\n\n\n<ul class=\"wp-block-list has-small-font-size\">\n<li class=\"has-small-font-size\">Le formateur et les participants communiqueront en fran\u00e7ais.<\/li>\n\n\n\n<li class=\"has-small-font-size\">Le mat\u00e9riel de formation est en anglais.<\/li>\n<\/ul>\n\n\n\n<p class=\"has-small-font-size\"><strong>Inclus :<\/strong><\/p>\n\n\n\n<div class=\"wp-block-group is-vertical is-layout-flex wp-container-core-group-is-layout-8cf370e7 wp-block-group-is-layout-flex\">\n<div class=\"wp-block-group is-vertical is-layout-flex wp-container-core-group-is-layout-8cf370e7 wp-block-group-is-layout-flex\">\n<ul class=\"wp-block-list has-small-font-size\">\n<li class=\"has-small-font-size\">Huit heures d&rsquo;atelier.<\/li>\n\n\n\n<li class=\"has-small-font-size\">Le manuel de formation et de r\u00e9f\u00e9rence.<\/li>\n\n\n\n<li class=\"has-small-font-size\">Apr\u00e8s avoir particip\u00e9 \u00e0 l&rsquo;atelier, le badge Micro-credential SAFe<strong>\u00ae<\/strong> BO.<\/li>\n<\/ul>\n\n\n\n<p><\/p>\n<\/div>\n<\/div>\n\n\n\n<p class=\"has-small-font-size\"><strong>Tarif :<\/strong><\/p>\n\n\n\n<ul class=\"wp-block-list has-small-font-size\">\n<li>Un rabais de groupe est offert lors d&rsquo;une inscription simultan\u00e9e d&rsquo;au moins trois participants.<\/li>\n<\/ul>\n<\/div>\n\n\n\n<div class=\"wp-block-column is-layout-flow wp-block-column-is-layout-flow\" style=\"flex-basis:60px\"><div class=\"wp-block-image\">\n<figure class=\"aligncenter size-large is-resized\"><img decoding=\"async\" src=\"https:\/\/easyum.com\/fr\/wp-content\/uploads\/2023\/01\/Separateur-vertical.png\" alt=\"\" style=\"width:30px;height:239px\"\/><\/figure>\n<\/div><\/div>\n\n\n\n<div class=\"wp-block-column is-layout-flow wp-block-column-is-layout-flow\">\n<p class=\"has-text-align-left has-small-font-size\"><strong>Logistique :<\/strong><\/p>\n\n\n\n<div class=\"wp-block-group is-vertical is-layout-flex wp-container-core-group-is-layout-8cf370e7 wp-block-group-is-layout-flex\">\n<div class=\"wp-block-group is-vertical is-layout-flex wp-container-core-group-is-layout-8cf370e7 wp-block-group-is-layout-flex\">\n<ul class=\"wp-block-list has-small-font-size\">\n<li>Nous conviendrons avec vous des dates d&rsquo;atelier, soit deux demi-journ\u00e9es, soit quatre blocs de deux heures.<\/li>\n\n\n\n<li>La formation a lieu en petit groupe, d&rsquo;un minimum de trois participants.<\/li>\n\n\n\n<li>Votre facilitateur contactera les participants avant l&rsquo;atelier, afin de choisir les sujets sur lesquels passer plus ou moins de temps, en fonction de leurs d\u00e9fis en tant que BO.<\/li>\n\n\n\n<li>Vous recevrez un courriel comprenant les informations de connexion environ une semaine avant le d\u00e9but de l&rsquo;atelier.<\/li>\n<\/ul>\n\n\n\n<p><\/p>\n<\/div>\n<\/div>\n<\/div>\n<\/div>\n\n\n\n<div class=\"wp-block-columns is-layout-flex wp-container-core-columns-is-layout-9d6595d7 wp-block-columns-is-layout-flex\">\n<div class=\"wp-block-column is-layout-flow wp-block-column-is-layout-flow\">\n<div class=\"wp-block-buttons is-layout-flex wp-block-buttons-is-layout-flex\">\n<div class=\"wp-block-button\"><a class=\"wp-block-button__link has-luminous-vivid-orange-background-color has-background wp-element-button\" href=\"https:\/\/easyum.com\/fr\/produit\/atelier-safe-bo\/\">Voir le prix et s&rsquo;inscrire<\/a><\/div>\n<\/div>\n<\/div>\n\n\n\n<div class=\"wp-block-column is-layout-flow wp-block-column-is-layout-flow\"><\/div>\n\n\n\n<div class=\"wp-block-column is-layout-flow wp-block-column-is-layout-flow\">\n<div class=\"wp-block-buttons is-layout-flex wp-block-buttons-is-layout-flex\">\n<div class=\"wp-block-button is-style-fill\"><a class=\"wp-block-button__link has-background wp-element-button\" href=\"https:\/\/easyum.com\/fr\/contact\/\" style=\"background-color:#669933\">S&rsquo;en parler !<\/a><\/div>\n<\/div>\n<\/div>\n<\/div>\n","protected":false},"excerpt":{"rendered":"<p>Micro-credential SAFe\u00ae BO (Propri\u00e9taire M\u00e9tier \/ Affaires) Cet atelier de d\u00e9veloppement professionnel pour gestionnaires, anim\u00e9 par un facilitateur senior certifi\u00e9 SAFe\u00ae SPC, est un moyen interactif d&rsquo;aider les Business Owners (Propri\u00e9taires M\u00e9tier \/ Affaires), les dirigeants, nouveaux ou existants, \u00e0 mieux comprendre leur r\u00f4le dans le contexte d&rsquo;agilit\u00e9 \u00e0 l&rsquo;\u00e9chelle. Pourquoi cette formation est si &hellip; <\/p>\n<p class=\"link-more\"><a href=\"https:\/\/easyum.com\/fr\/formation\/micro-credential-safe-bo-proprietaire-metier-affaires\/\" class=\"more-link\">Continuer la lecture<span class=\"screen-reader-text\"> de &laquo;&nbsp;Micro-credential SAFe\u00ae BO (Propri\u00e9taire M\u00e9tier \/ Affaires)&nbsp;&raquo;<\/span><\/a><\/p>\n","protected":false},"author":2,"featured_media":0,"parent":1750,"menu_order":0,"comment_status":"closed","ping_status":"closed","template":"","meta":{"footnotes":""},"class_list":["post-1828","page","type-page","status-publish","hentry"],"_links":{"self":[{"href":"https:\/\/easyum.com\/fr\/wp-json\/wp\/v2\/pages\/1828","targetHints":{"allow":["GET"]}}],"collection":[{"href":"https:\/\/easyum.com\/fr\/wp-json\/wp\/v2\/pages"}],"about":[{"href":"https:\/\/easyum.com\/fr\/wp-json\/wp\/v2\/types\/page"}],"author":[{"embeddable":true,"href":"https:\/\/easyum.com\/fr\/wp-json\/wp\/v2\/users\/2"}],"replies":[{"embeddable":true,"href":"https:\/\/easyum.com\/fr\/wp-json\/wp\/v2\/comments?post=1828"}],"version-history":[{"count":55,"href":"https:\/\/easyum.com\/fr\/wp-json\/wp\/v2\/pages\/1828\/revisions"}],"predecessor-version":[{"id":2007,"href":"https:\/\/easyum.com\/fr\/wp-json\/wp\/v2\/pages\/1828\/revisions\/2007"}],"up":[{"embeddable":true,"href":"https:\/\/easyum.com\/fr\/wp-json\/wp\/v2\/pages\/1750"}],"wp:attachment":[{"href":"https:\/\/easyum.com\/fr\/wp-json\/wp\/v2\/media?parent=1828"}],"curies":[{"name":"wp","href":"https:\/\/api.w.org\/{rel}","templated":true}]}}

Micro-credential SAFe® BO (Propriétaire Métier / Affaires)

<h1 class="wp-block-heading has-large-font-size">Micro-credential SAFe® BO (Propriétaire Métier / Affaires)</h1>



<p class="has-medium-font-size">Cet atelier de développement professionnel pour gestionnaires, animé par un facilitateur senior certifié SAFe® SPC, est un moyen interactif d&rsquo;aider les <em>Business Owners</em> (Propriétaires Métier / Affaires), les dirigeants, nouveaux ou existants, à mieux comprendre leur rôle dans le contexte d&rsquo;agilité à l&rsquo;échelle.</p>



<h2 class="wp-block-heading has-medium-font-size">Pourquoi cette formation est si importante ?</h2>



<ul class="wp-block-list">
<li class="has-medium-font-size"><em>Améliorer la livraison de produits et solutions</em> : Un BO pleinement engagé apporte une vision claire, une prise de décision plus rapide, et un alignement stratégique inébranlable à chaque train de livraison.</li>



<li class="has-medium-font-size"><em>Augmenter le retour sur investissement</em> : Comprenez comment vous concentrer sur les travaux d&rsquo;une plus grande valeur, appliquer les principes d&rsquo;un portefeuille Lean <em>LPM</em>, et réduire les inefficacités.</li>



<li class="has-medium-font-size"><em>Améliorer la collaboration</em> : Apprenez à aligner les équipes, les parties prenantes et les portefeuilles autour d&rsquo;objectifs concrets et partagés.</li>



<li class="has-medium-font-size"><em>Soutenir le momentum</em> <em>des changements</em> : Développez un environnement où l&rsquo;amélioration continue et la pensée innovante font partie de l&rsquo;ADN de votre organisation.</li>
</ul>



<blockquote class="wp-block-quote is-layout-flow wp-block-quote-is-layout-flow">
<div class="wp-block-cover is-repeated has-custom-content-position is-position-bottom-left has-small-font-size wp-duotone-unset-1"><div class="wp-block-cover__image-background wp-image-1434 size-full is-repeated" style="background-position:49% 21%;background-image:url(https://easyum.com/fr/wp-content/uploads/2025/04/image-architecte.jpg)"></div><span aria-hidden="true" class="wp-block-cover__background has-background-dim" style="background-color:#74726d"></span><div class="wp-block-cover__inner-container is-layout-constrained wp-block-cover-is-layout-constrained">
<p class="has-text-align-center has-medium-font-size">L&rsquo;intérêt principal de cet atelier réside dans les conversations en lien avec notre quotidien, dans le fait de nous permettre de comprendre comment nous améliorer, et quelle légitimité nous pouvons avoir pour nos responsabilités.</p>
</div></div>
</blockquote>



<div class="wp-block-buttons is-layout-flex wp-block-buttons-is-layout-flex">
<div class="wp-block-button is-style-fill"><a class="wp-block-button__link has-background wp-element-button" href="https://easyum.com/fr/contact/" style="background-color:#669933">S&rsquo;en parler !</a></div>
</div>



<div style="height:16px" aria-hidden="true" class="wp-block-spacer"></div>



<div style="height:16px" aria-hidden="true" class="wp-block-spacer"></div>



<div class="wp-block-columns is-layout-flex wp-container-core-columns-is-layout-9d6595d7 wp-block-columns-is-layout-flex">
<div class="wp-block-column is-layout-flow wp-block-column-is-layout-flow">
<p class="has-small-font-size"><strong>Les participants à l&rsquo;atelier Micro-credential SAFe® BO gagnent avec cette formation :</strong></p>



<div class="wp-block-group is-vertical is-layout-flex wp-container-core-group-is-layout-8cf370e7 wp-block-group-is-layout-flex">
<ul class="wp-block-list has-small-font-size">
<li>La connaissance des cinq zones de responsabilité des BO : l&rsquo;engagement dans la gestion de portefeuille Lean (LPM), l&rsquo;alignement de priorités et du PI Planning, la réalisation des résultats métier, le parrainage de l&rsquo;amélioration continue, et le pilotage par l&rsquo;exemple. </li>



<li>Un apprentissage orienté sur l&rsquo;action: chaque participant construit son plan d&rsquo;action pour s&rsquo;améliorer et attaquer ses challenges.</li>



<li>La possibilité de se concentrer pendant de courtes périodes d&rsquo;atelier.</li>
</ul>
</div>
</div>



<div class="wp-block-column is-layout-flow wp-block-column-is-layout-flow" style="flex-basis:60px"><div class="wp-block-image">
<figure class="aligncenter size-large is-resized"><img decoding="async" src="https://easyum.com/fr/wp-content/uploads/2023/01/Separateur-vertical.png" alt="" style="width:30px;height:239px"/></figure>
</div></div>



<div class="wp-block-column is-layout-flow wp-block-column-is-layout-flow">
<p class="has-text-align-left has-small-font-size"><strong>Qui devrait s&rsquo;inscrire :</strong></p>



<div class="wp-block-group is-vertical is-layout-flex wp-container-core-group-is-layout-8cf370e7 wp-block-group-is-layout-flex">
<div class="wp-block-group is-vertical is-layout-flex wp-container-core-group-is-layout-8cf370e7 wp-block-group-is-layout-flex">
<ul class="wp-block-list has-small-font-size">
<li>Dirigeants, directeurs et cadres supérieurs guidant les transformations SAFe®.</li>



<li>BO actuels et potentiels à tous les niveaux de l&rsquo;organisation.</li>



<li>Dirigeants responsables de la stratégie, du financement et de l&rsquo;alignement organisationnel.</li>



<li>Il n&rsquo;y a pas de pré-requis pour cet atelier, mais il est fortement recommandé d&rsquo;avoir suivi au préalable une formation Leading SAFe ou Lean Portfolio Management.</li>
</ul>
</div>
</div>
</div>
</div>


        
        <div class="embedpress-gutenberg-wrapper source-provider-Vidyard aligncenter clear   ep-content-protection-disabled inline" id="299b5c90-2005-4859-9ce8-d2cadad079be" data-embed-type="Vidyard ">
            <div class="wp-block-embed__wrapper ">
                <div id="ep-gutenberg-content-50b4a8c0f9d4db702d1c6af71f91a917" class="ep-gutenberg-content">
                    <div >
                        <div class="ep-embed-content-wraper preset-default insta-grid ep-google-photos-carousel"
                                                                                                                >

                            <div class="ose-vidyard ose-uid-0d18664e70b145d906cfa42415cfbe52 ose-embedpress-responsive" style="width:600px; height:300px; max-height:300px; max-width:100%; display:inline-block;"><script type="text/javascript" async src="https://play.vidyard.com/embed/v4.js"></script><img decoding="async"  style="width: 100%; margin: auto; display: block;"  class="vidyard-player-embed"  src="https://play.vidyard.com/KLTKaZux9MoWH7Nmk8h1n6.jpg"  data-uuid="KLTKaZux9MoWH7Nmk8h1n6"  data-v="4"  data-type="inline"  data-width="600"  data-height="300"/></div>                        </div>

                                            </div>
                </div>
            </div>
        </div>
    


<div class="wp-block-columns is-layout-flex wp-container-core-columns-is-layout-9d6595d7 wp-block-columns-is-layout-flex">
<div class="wp-block-column has-medium-font-size is-layout-flow wp-block-column-is-layout-flow">
<p class="has-small-font-size"><strong>Langue :</strong></p>



<ul class="wp-block-list has-small-font-size">
<li class="has-small-font-size">Le formateur et les participants communiqueront en français.</li>



<li class="has-small-font-size">Le matériel de formation est en anglais.</li>
</ul>



<p class="has-small-font-size"><strong>Inclus :</strong></p>



<div class="wp-block-group is-vertical is-layout-flex wp-container-core-group-is-layout-8cf370e7 wp-block-group-is-layout-flex">
<div class="wp-block-group is-vertical is-layout-flex wp-container-core-group-is-layout-8cf370e7 wp-block-group-is-layout-flex">
<ul class="wp-block-list has-small-font-size">
<li class="has-small-font-size">Huit heures d&rsquo;atelier.</li>



<li class="has-small-font-size">Le manuel de formation et de référence.</li>



<li class="has-small-font-size">Après avoir participé à l&rsquo;atelier, le badge Micro-credential SAFe<strong>®</strong> BO.</li>
</ul>



<p></p>
</div>
</div>



<p class="has-small-font-size"><strong>Tarif :</strong></p>



<ul class="wp-block-list has-small-font-size">
<li>Un rabais de groupe est offert lors d&rsquo;une inscription simultanée d&rsquo;au moins trois participants.</li>
</ul>
</div>



<div class="wp-block-column is-layout-flow wp-block-column-is-layout-flow" style="flex-basis:60px"><div class="wp-block-image">
<figure class="aligncenter size-large is-resized"><img decoding="async" src="https://easyum.com/fr/wp-content/uploads/2023/01/Separateur-vertical.png" alt="" style="width:30px;height:239px"/></figure>
</div></div>



<div class="wp-block-column is-layout-flow wp-block-column-is-layout-flow">
<p class="has-text-align-left has-small-font-size"><strong>Logistique :</strong></p>



<div class="wp-block-group is-vertical is-layout-flex wp-container-core-group-is-layout-8cf370e7 wp-block-group-is-layout-flex">
<div class="wp-block-group is-vertical is-layout-flex wp-container-core-group-is-layout-8cf370e7 wp-block-group-is-layout-flex">
<ul class="wp-block-list has-small-font-size">
<li>Nous conviendrons avec vous des dates d&rsquo;atelier, soit deux demi-journées, soit quatre blocs de deux heures.</li>



<li>La formation a lieu en petit groupe, d&rsquo;un minimum de trois participants.</li>



<li>Votre facilitateur contactera les participants avant l&rsquo;atelier, afin de choisir les sujets sur lesquels passer plus ou moins de temps, en fonction de leurs défis en tant que BO.</li>



<li>Vous recevrez un courriel comprenant les informations de connexion environ une semaine avant le début de l&rsquo;atelier.</li>
</ul>



<p></p>
</div>
</div>
</div>
</div>



<div class="wp-block-columns is-layout-flex wp-container-core-columns-is-layout-9d6595d7 wp-block-columns-is-layout-flex">
<div class="wp-block-column is-layout-flow wp-block-column-is-layout-flow">
<div class="wp-block-buttons is-layout-flex wp-block-buttons-is-layout-flex">
<div class="wp-block-button"><a class="wp-block-button__link has-luminous-vivid-orange-background-color has-background wp-element-button" href="https://easyum.com/fr/produit/atelier-safe-bo/">Voir le prix et s&rsquo;inscrire</a></div>
</div>
</div>



<div class="wp-block-column is-layout-flow wp-block-column-is-layout-flow"></div>



<div class="wp-block-column is-layout-flow wp-block-column-is-layout-flow">
<div class="wp-block-buttons is-layout-flex wp-block-buttons-is-layout-flex">
<div class="wp-block-button is-style-fill"><a class="wp-block-button__link has-background wp-element-button" href="https://easyum.com/fr/contact/" style="background-color:#669933">S&rsquo;en parler !</a></div>
</div>
</div>
</div>

<p>Micro-credential SAFe® BO (Propriétaire Métier / Affaires) Cet atelier de développement professionnel pour gestionnaires, animé par un facilitateur senior certifié SAFe® SPC, est un moyen interactif d&rsquo;aider les Business Owners (Propriétaires Métier / Affaires), les dirigeants, nouveaux ou existants, à mieux comprendre leur rôle dans le contexte d&rsquo;agilité à l&rsquo;échelle. Pourquoi cette formation est si &hellip; </p>
<p class="link-more"><a href="https://easyum.com/fr/formation/micro-credential-safe-bo-proprietaire-metier-affaires/" class="more-link">Continuer la lecture<span class="screen-reader-text"> de &laquo;&nbsp;Micro-credential SAFe® BO (Propriétaire Métier / Affaires)&nbsp;&raquo;</span></a></p>
